{"id":260,"date":"2022-08-26T07:10:43","date_gmt":"2022-08-26T05:10:43","guid":{"rendered":"https:\/\/crossnet.potres.hr\/?page_id=260"},"modified":"2026-01-09T09:35:58","modified_gmt":"2026-01-09T08:35:58","slug":"cilj-projekta","status":"publish","type":"page","link":"https:\/\/crossnet.potres.hr\/","title":{"rendered":"Cilj projekta"},"content":{"rendered":"\t\t<div data-elementor-type=\"wp-page\" data-elementor-id=\"260\" class=\"elementor elementor-260\">\n\t\t\t\t\t\t<section class=\"elementor-section elementor-top-section elementor-element elementor-element-7e39099b elementor-section-boxed elementor-section-height-default elementor-section-height-default\" data-id=\"7e39099b\" data-element_type=\"section\" data-e-type=\"section\">\n\t\t\t\t\t\t<div class=\"elementor-container elementor-column-gap-default\">\n\t\t\t\t\t<div class=\"elementor-column elementor-col-100 elementor-top-column elementor-element elementor-element-40b869ae\" data-id=\"40b869ae\" data-element_type=\"column\" data-e-type=\"column\">\n\t\t\t<div class=\"elementor-widget-wrap elementor-element-populated\">\n\t\t\t\t\t\t<div class=\"elementor-element elementor-element-490e4c1a elementor-widget__width-auto elementor-widget elementor-widget-wpzoom-elementor-addons-slider\" data-id=\"490e4c1a\" data-element_type=\"widget\" data-e-type=\"widget\" data-settings=\"{&quot;animation_speed&quot;:400,&quot;autoplay_speed&quot;:4000,&quot;slides_to_show&quot;:&quot;1&quot;,&quot;autoplay&quot;:&quot;yes&quot;,&quot;loop&quot;:&quot;yes&quot;,&quot;slides_to_show_tablet&quot;:1,&quot;slides_to_show_mobile&quot;:1,&quot;navigation&quot;:&quot;arrow&quot;}\" data-widget_type=\"wpzoom-elementor-addons-slider.default\">\n\t\t\t\t<div class=\"elementor-widget-container\">\n\t\t\t\t\t<div class=\"wpzjs-slick wpz-slick wpz-slick--slider\">\n\n\t\t\t\n\t\t\t\t<div class=\"wpz-slick-slide\">\n\n\t\t\t\t\t<div class=\"wpz-slick-item\">\n\n\t\t\t\t\t\t\t\t\t\t\t\t\t<img decoding=\"async\" class=\"wpz-slick-img\" src=\"https:\/\/crossnet.potres.hr\/wp-content\/uploads\/2025\/05\/shared-image-35_2.jpg\" alt=\"\">\n\t\t\t\t\t\t\n\t\t\t\t\t\t\n\t\t\t\t\t\t\n\t\t\t\t\t<\/div>\n\n\t\t\t\t<\/div>\n\n\t\t\t\n\t\t\t\t<div class=\"wpz-slick-slide\">\n\n\t\t\t\t\t<div class=\"wpz-slick-item\">\n\n\t\t\t\t\t\t\t\t\t\t\t\t\t<img decoding=\"async\" class=\"wpz-slick-img\" src=\"https:\/\/crossnet.potres.hr\/wp-content\/uploads\/2023\/05\/IMG_0417-1-scaled-e1699964836219-1536x873.jpg\" alt=\"\">\n\t\t\t\t\t\t\n\t\t\t\t\t\t\n\t\t\t\t\t\t\n\t\t\t\t\t<\/div>\n\n\t\t\t\t<\/div>\n\n\t\t\t\n\t\t\t\t<div class=\"wpz-slick-slide\">\n\n\t\t\t\t\t<div class=\"wpz-slick-item\">\n\n\t\t\t\t\t\t\t\t\t\t\t\t\t<img decoding=\"async\" class=\"wpz-slick-img\" src=\"https:\/\/crossnet.potres.hr\/wp-content\/uploads\/2025\/05\/DJI_0551-scaled-1536x864.jpg\" alt=\"\">\n\t\t\t\t\t\t\n\t\t\t\t\t\t\n\t\t\t\t\t\t\n\t\t\t\t\t<\/div>\n\n\t\t\t\t<\/div>\n\n\t\t\t\n\t\t\t\t<div class=\"wpz-slick-slide\">\n\n\t\t\t\t\t<div class=\"wpz-slick-item\">\n\n\t\t\t\t\t\t\t\t\t\t\t\t\t<img decoding=\"async\" class=\"wpz-slick-img\" src=\"https:\/\/crossnet.potres.hr\/wp-content\/uploads\/2024\/11\/232_cut-scaled-1536x884.jpg\" alt=\"\">\n\t\t\t\t\t\t\n\t\t\t\t\t\t\n\t\t\t\t\t\t\n\t\t\t\t\t<\/div>\n\n\t\t\t\t<\/div>\n\n\t\t\t\n\t\t\t\t<div class=\"wpz-slick-slide\">\n\n\t\t\t\t\t<div class=\"wpz-slick-item\">\n\n\t\t\t\t\t\t\t\t\t\t\t\t\t<img decoding=\"async\" class=\"wpz-slick-img\" src=\"https:\/\/crossnet.potres.hr\/wp-content\/uploads\/2025\/05\/shared-image-43_2-1-1536x864.jpg\" alt=\"\">\n\t\t\t\t\t\t\n\t\t\t\t\t\t\n\t\t\t\t\t\t\n\t\t\t\t\t<\/div>\n\n\t\t\t\t<\/div>\n\n\t\t\t\n\t\t\t\t<div class=\"wpz-slick-slide\">\n\n\t\t\t\t\t<div class=\"wpz-slick-item\">\n\n\t\t\t\t\t\t\t\t\t\t\t\t\t<img decoding=\"async\" class=\"wpz-slick-img\" src=\"https:\/\/crossnet.potres.hr\/wp-content\/uploads\/2024\/06\/IMG_1833-scaled-1536x1024.jpg\" alt=\"\">\n\t\t\t\t\t\t\n\t\t\t\t\t\t\n\t\t\t\t\t\t\n\t\t\t\t\t<\/div>\n\n\t\t\t\t<\/div>\n\n\t\t\t\n\t\t\t\t<div class=\"wpz-slick-slide\">\n\n\t\t\t\t\t<div class=\"wpz-slick-item\">\n\n\t\t\t\t\t\t\t\t\t\t\t\t\t<img decoding=\"async\" class=\"wpz-slick-img\" src=\"https:\/\/crossnet.potres.hr\/wp-content\/uploads\/2024\/06\/PANO0015-scaled-1536x910.jpg\" alt=\"\">\n\t\t\t\t\t\t\n\t\t\t\t\t\t\n\t\t\t\t\t\t\n\t\t\t\t\t<\/div>\n\n\t\t\t\t<\/div>\n\n\t\t\t\n\t\t\t\t<div class=\"wpz-slick-slide\">\n\n\t\t\t\t\t<div class=\"wpz-slick-item\">\n\n\t\t\t\t\t\t\t\t\t\t\t\t\t<img decoding=\"async\" class=\"wpz-slick-img\" src=\"https:\/\/crossnet.potres.hr\/wp-content\/uploads\/2024\/11\/DJI_0179-scaled-1536x864.jpg\" alt=\"\">\n\t\t\t\t\t\t\n\t\t\t\t\t\t\n\t\t\t\t\t\t\n\t\t\t\t\t<\/div>\n\n\t\t\t\t<\/div>\n\n\t\t\t\n\t\t\t\t<div class=\"wpz-slick-slide\">\n\n\t\t\t\t\t<div class=\"wpz-slick-item\">\n\n\t\t\t\t\t\t\t\t\t\t\t\t\t<img decoding=\"async\" class=\"wpz-slick-img\" src=\"https:\/\/crossnet.potres.hr\/wp-content\/uploads\/2024\/11\/DJI_0226-2-scaled-1536x864.jpg\" alt=\"\">\n\t\t\t\t\t\t\n\t\t\t\t\t\t\n\t\t\t\t\t\t\n\t\t\t\t\t<\/div>\n\n\t\t\t\t<\/div>\n\n\t\t\t\n\t\t\t\t<div class=\"wpz-slick-slide\">\n\n\t\t\t\t\t<div class=\"wpz-slick-item\">\n\n\t\t\t\t\t\t\t\t\t\t\t\t\t<img decoding=\"async\" class=\"wpz-slick-img\" src=\"https:\/\/crossnet.potres.hr\/wp-content\/uploads\/2025\/05\/IMG_9498-1536x1152.jpeg\" alt=\"\">\n\t\t\t\t\t\t\n\t\t\t\t\t\t\n\t\t\t\t\t\t\n\t\t\t\t\t<\/div>\n\n\t\t\t\t<\/div>\n\n\t\t\t\n\t\t<\/div>\n\n\t\t\t\t\t<button type=\"button\" class=\"slick-prev\"><i aria-hidden=\"true\" class=\"fas fa-chevron-left\"><\/i><\/button>\n\t\t\n\t\t\t\t\t<button type=\"button\" class=\"slick-next\"><i aria-hidden=\"true\" class=\"fas fa-chevron-right\"><\/i><\/button>\n\t\t\n\t\t\t\t\t\t<\/div>\n\t\t\t\t<\/div>\n\t\t\t\t<div class=\"elementor-element elementor-element-6d8204bf elementor-widget elementor-widget-heading\" data-id=\"6d8204bf\" data-element_type=\"widget\" data-e-type=\"widget\" data-widget_type=\"heading.default\">\n\t\t\t\t<div class=\"elementor-widget-container\">\n\t\t\t\t\t<h1 class=\"elementor-heading-title elementor-size-default\">Cilj projekta<\/h1>\t\t\t\t<\/div>\n\t\t\t\t<\/div>\n\t\t\t\t<div class=\"elementor-element elementor-element-64e36d7b elementor-widget elementor-widget-text-editor\" data-id=\"64e36d7b\" data-element_type=\"widget\" data-e-type=\"widget\" data-widget_type=\"text-editor.default\">\n\t\t\t\t<div class=\"elementor-widget-container\">\n\t\t\t\t\t\t\t\t\t<p>Seizmolo\u0161ka slu\u017eba pri Geofizi\u010dkom odsjeku PMF-a zapo\u010dela je provedbu projekta &#8220;CROSSNET &#8211; Razvoj mre\u017ee seizmolo\u0161kih podataka\u201d \u010diji je cilj unaprje\u0111enje i pro\u0161irenje postoje\u0107e mre\u017ee seizmolo\u0161kih postaja u Republici Hrvatskoj. Nova mre\u017ea seizmolo\u0161kih postaja omogu\u0107it \u0107e prikupljanje to\u010dnijih podataka za registraciju i lociranje potresa, obavje\u0161tavanje nadle\u017enih tijela i javnosti o osje\u0107enim potresima, kao i za znanstvene svrhe, zoniranje seizmi\u010dkog hazarda, te za potrebe prostornog planiranja i gra\u0111enja.<\/p>\n<p><\/p>\n<p style=\"text-align: justify;\">\u00a0<\/p>\n<p><\/p>\n<p><\/p>\t\t\t\t\t\t\t\t<\/div>\n\t\t\t\t<\/div>\n\t\t\t\t<div class=\"elementor-element elementor-element-bf63f88 elementor-widget elementor-widget-heading\" data-id=\"bf63f88\" data-element_type=\"widget\" data-e-type=\"widget\" data-widget_type=\"heading.default\">\n\t\t\t\t<div class=\"elementor-widget-container\">\n\t\t\t\t\t<h2 class=\"elementor-heading-title elementor-size-default\">Interaktivne karte seizmolo\u0161kih postaja<\/h2>\t\t\t\t<\/div>\n\t\t\t\t<\/div>\n\t\t\t\t<section class=\"elementor-section elementor-inner-section elementor-element elementor-element-1826b82 elementor-section-boxed elementor-section-height-default elementor-section-height-default\" data-id=\"1826b82\" data-element_type=\"section\" data-e-type=\"section\">\n\t\t\t\t\t\t<div class=\"elementor-container elementor-column-gap-default\">\n\t\t\t\t\t<div class=\"elementor-column elementor-col-50 elementor-inner-column elementor-element elementor-element-d514ae3\" data-id=\"d514ae3\" data-element_type=\"column\" data-e-type=\"column\">\n\t\t\t<div class=\"elementor-widget-wrap elementor-element-populated\">\n\t\t\t\t\t\t<div class=\"elementor-element elementor-element-c860c0c elementor-widget elementor-widget-wpzoom-elementor-addons-image-box\" data-id=\"c860c0c\" data-element_type=\"widget\" data-e-type=\"widget\" data-widget_type=\"wpzoom-elementor-addons-image-box.default\">\n\t\t\t\t<div class=\"elementor-widget-container\">\n\t\t\t\t\t\t\t<div class=\"wpzoom-elementor-addons-image-box\">\n\t\t\t<h3>\n\t\t\t\t<a href=\"https:\/\/storymaps.arcgis.com\/stories\/39e22cf0bbb343ed8d3ae9208c34fe88\" class=\"wpzoom-elementor-addons-image-box-link is-linked has-image\" style=\"background-image:url('https:\/\/crossnet.potres.hr\/wp-content\/uploads\/2025\/03\/Klikni-2048x1448-1.jpg');\"><span>Karta seizmolo\u0161kih postaja<\/span><\/a>\t\t\t<\/h3>\n\t\t<\/div><!-- \/\/.wpzoom-elementor-addons-image-box -->\n\t\t\t\t\t\t<\/div>\n\t\t\t\t<\/div>\n\t\t\t\t\t<\/div>\n\t\t<\/div>\n\t\t\t\t<div class=\"elementor-column elementor-col-50 elementor-inner-column elementor-element elementor-element-28bbf35\" data-id=\"28bbf35\" data-element_type=\"column\" data-e-type=\"column\">\n\t\t\t<div class=\"elementor-widget-wrap elementor-element-populated\">\n\t\t\t\t\t\t<div class=\"elementor-element elementor-element-1c2bb8a elementor-widget elementor-widget-wpzoom-elementor-addons-image-box\" data-id=\"1c2bb8a\" data-element_type=\"widget\" data-e-type=\"widget\" data-widget_type=\"wpzoom-elementor-addons-image-box.default\">\n\t\t\t\t<div class=\"elementor-widget-container\">\n\t\t\t\t\t\t\t<div class=\"wpzoom-elementor-addons-image-box\">\n\t\t\t<h3>\n\t\t\t\t<a href=\"https:\/\/arcg.is\/04TKCX0\" class=\"wpzoom-elementor-addons-image-box-link is-linked has-image\" style=\"background-image:url('https:\/\/crossnet.potres.hr\/wp-content\/uploads\/2026\/01\/Snimka-zaslona-2026-01-09-093443.png');\"><span>Karta akcelerografskih postaja<\/span><\/a>\t\t\t<\/h3>\n\t\t<\/div><!-- \/\/.wpzoom-elementor-addons-image-box -->\n\t\t\t\t\t\t<\/div>\n\t\t\t\t<\/div>\n\t\t\t\t\t<\/div>\n\t\t<\/div>\n\t\t\t\t\t<\/div>\n\t\t<\/section>\n\t\t\t\t<div class=\"elementor-element elementor-element-71374fa elementor-widget elementor-widget-spacer\" data-id=\"71374fa\" data-element_type=\"widget\" data-e-type=\"widget\" data-widget_type=\"spacer.default\">\n\t\t\t\t<div class=\"elementor-widget-container\">\n\t\t\t\t\t\t\t<div class=\"elementor-spacer\">\n\t\t\t<div class=\"elementor-spacer-inner\"><\/div>\n\t\t<\/div>\n\t\t\t\t\t\t<\/div>\n\t\t\t\t<\/div>\n\t\t\t\t\t<\/div>\n\t\t<\/div>\n\t\t\t\t\t<\/div>\n\t\t<\/section>\n\t\t\t\t<section class=\"elementor-section elementor-top-section elementor-element elementor-element-3f12e2c2 elementor-section-boxed elementor-section-height-default elementor-section-height-default\" data-id=\"3f12e2c2\" data-element_type=\"section\" data-e-type=\"section\" data-settings=\"{&quot;background_background&quot;:&quot;classic&quot;}\">\n\t\t\t\t\t\t\t<div class=\"elementor-background-overlay\"><\/div>\n\t\t\t\t\t\t\t<div class=\"elementor-container elementor-column-gap-default\">\n\t\t\t\t\t<div class=\"elementor-column elementor-col-100 elementor-top-column elementor-element elementor-element-50c15a56\" data-id=\"50c15a56\" data-element_type=\"column\" data-e-type=\"column\" data-settings=\"{&quot;background_background&quot;:&quot;classic&quot;}\">\n\t\t\t<div class=\"elementor-widget-wrap elementor-element-populated\">\n\t\t\t\t\t\t<div class=\"elementor-element elementor-element-ec5f429 elementor-widget elementor-widget-heading\" data-id=\"ec5f429\" data-element_type=\"widget\" data-e-type=\"widget\" data-widget_type=\"heading.default\">\n\t\t\t\t<div class=\"elementor-widget-container\">\n\t\t\t\t\t<h2 class=\"elementor-heading-title elementor-size-default\">Najnovije aktivnosti<\/h2>\t\t\t\t<\/div>\n\t\t\t\t<\/div>\n\t\t\t\t<div class=\"elementor-element elementor-element-33f5f29c elementor-grid-3 elementor-grid-tablet-2 elementor-grid-mobile-1 elementor-widget elementor-widget-wpzoom-elementor-addons-posts-grid\" data-id=\"33f5f29c\" data-element_type=\"widget\" data-e-type=\"widget\" data-settings=\"{&quot;columns&quot;:&quot;3&quot;,&quot;columns_tablet&quot;:&quot;2&quot;,&quot;columns_mobile&quot;:&quot;1&quot;}\" data-widget_type=\"wpzoom-elementor-addons-posts-grid.default\">\n\t\t\t\t<div class=\"elementor-widget-container\">\n\t\t\t\t\t\t\t<div \n\t\t\tclass=\"wpz-grid\" \n\t\t\tdata-uid=\"33f5f29c\"\n\t\t\tdata-offset=\"6\"\n\t\t\tdata-posts-grid='{\"posts_per_page\":6,\"post_status\":\"publish\",\"paged\":1,\"post__not_in\":[],\"ignore_sticky_posts\":true,\"category_name\":\"\",\"orderby\":\"post_date\",\"order\":\"desc\",\"offset\":6,\"show_image\":\"\",\"post_thumbnail_size\":null,\"show_title\":\"yes\",\"title_tag\":\"h3\",\"meta_data\":[\"date\"],\"show_excerpt\":\"yes\",\"excerpt_length\":25,\"show_read_more\":\"yes\",\"read_more_text\":\"Read More \\u00bb\",\"grid_style\":\"5\",\"total\":77}'>\n\t\t\t\t\t\t<div class=\"wpz-grid-container elementor-grid wpz-grid-desktop-3  wpz-grid-tablet-2  wpz-grid-mobile-1  grid-meta-bottom\">\n\t\t\t\t\n        <article id=\"post-3730\" class=\"wpz-post post-3730 post type-post status-publish format-standard hentry category-field-work\">\n         \n            <div class=\"post-grid-inner\">\n            \t\n            \t\n                <div class=\"post-grid-text-wrap\">\n               \t\t\t\t<h3 class=\"title\">\n\t\t\t<a href=\"https:\/\/crossnet.potres.hr\/index.php\/en\/2026\/04\/27\/recovery-and-redeployments-of-the-ocean-bottom-seismometers-obs-near-the-islands-of-vis-and-jabuka\/\" title=\"Recovery and redeployments of the ocean bottom seismometers (OBS)\">Recovery and redeployments of the ocean bottom seismometers (OBS)<\/a>\n\t\t<\/h3>\n\t\t\t                <div class=\"post-grid-excerpt\"><p>We are pleased to share an update from our latest fieldwork campaign in the central Adriatic Sea, where our team successfully carried out a series&hellip;<\/p>\n<\/div>\t                <a class=\"read-more-btn\" href=\"https:\/\/crossnet.potres.hr\/index.php\/en\/2026\/04\/27\/recovery-and-redeployments-of-the-ocean-bottom-seismometers-obs-near-the-islands-of-vis-and-jabuka\/\">Read More \u00bb<\/a>                <\/div>\n\n                \t\t<div class=\"post-grid-meta\">\n\t\t\t<span class=\"post-date\">April 27, 2026<\/span>\t\t<\/div>\n\t\t\n            <\/div><!-- .blog-inner -->\n           \n        <\/article>\n\n        \n        <article id=\"post-3735\" class=\"wpz-post post-3735 post type-post status-publish format-standard hentry category-tereni\">\n         \n            <div class=\"post-grid-inner\">\n            \t\n            \t\n                <div class=\"post-grid-text-wrap\">\n               \t\t\t\t<h3 class=\"title\">\n\t\t\t<a href=\"https:\/\/crossnet.potres.hr\/index.php\/2026\/04\/27\/podizanje-i-ponovno-polaganje-podmorskih-seizmoloskih-instrumenata\/\" title=\"Podizanje i ponovno polaganje podmorskih seizmolo\u0161kih instrumenata\">Podizanje i ponovno polaganje podmorskih seizmolo\u0161kih instrumenata<\/a>\n\t\t<\/h3>\n\t\t\t                <div class=\"post-grid-excerpt\"><p>Zadovoljstvo nam je podijeliti novosti s na\u0161eg najnovijeg terenskog rada u ju\u017enom Jadranu, gdje je tim projekta CROSSNET uspje\u0161no proveo niz operacija podizanja i ponovnog&hellip;<\/p>\n<\/div>\t                <a class=\"read-more-btn\" href=\"https:\/\/crossnet.potres.hr\/index.php\/2026\/04\/27\/podizanje-i-ponovno-polaganje-podmorskih-seizmoloskih-instrumenata\/\">Read More \u00bb<\/a>                <\/div>\n\n                \t\t<div class=\"post-grid-meta\">\n\t\t\t<span class=\"post-date\">April 27, 2026<\/span>\t\t<\/div>\n\t\t\n            <\/div><!-- .blog-inner -->\n           \n        <\/article>\n\n        \n        <article id=\"post-3699\" class=\"wpz-post post-3699 post type-post status-publish format-standard hentry category-field-work\">\n         \n            <div class=\"post-grid-inner\">\n            \t\n            \t\n                <div class=\"post-grid-text-wrap\">\n               \t\t\t\t<h3 class=\"title\">\n\t\t\t<a href=\"https:\/\/crossnet.potres.hr\/index.php\/en\/2025\/12\/18\/2025-recap\/\" title=\"Short overview of our 2025\">Short overview of our 2025<\/a>\n\t\t<\/h3>\n\t\t\t                <div class=\"post-grid-excerpt\"><p>Over the past year, the project team has conducted intensive and extensive field work with the aim of collecting quality data and improving the seismological&hellip;<\/p>\n<\/div>\t                <a class=\"read-more-btn\" href=\"https:\/\/crossnet.potres.hr\/index.php\/en\/2025\/12\/18\/2025-recap\/\">Read More \u00bb<\/a>                <\/div>\n\n                \t\t<div class=\"post-grid-meta\">\n\t\t\t<span class=\"post-date\">December 18, 2025<\/span>\t\t<\/div>\n\t\t\n            <\/div><!-- .blog-inner -->\n           \n        <\/article>\n\n        \n        <article id=\"post-3695\" class=\"wpz-post post-3695 post type-post status-publish format-standard hentry category-tereni\">\n         \n            <div class=\"post-grid-inner\">\n            \t\n            \t\n                <div class=\"post-grid-text-wrap\">\n               \t\t\t\t<h3 class=\"title\">\n\t\t\t<a href=\"https:\/\/crossnet.potres.hr\/index.php\/2025\/12\/18\/pregled-postignutog-u-2025-godini\/\" title=\"Pregled postignutog u 2025. godini\">Pregled postignutog u 2025. godini<\/a>\n\t\t<\/h3>\n\t\t\t                <div class=\"post-grid-excerpt\"><p>Tijekom posljednjih godinu dana projektni tim proveo je intenzivan i opse\u017ean rad na terenu s ciljem prikupljanja kvalitetnih podataka i pobolj\u0161anja seizmolo\u0161ke mre\u017ee u Republici&hellip;<\/p>\n<\/div>\t                <a class=\"read-more-btn\" href=\"https:\/\/crossnet.potres.hr\/index.php\/2025\/12\/18\/pregled-postignutog-u-2025-godini\/\">Read More \u00bb<\/a>                <\/div>\n\n                \t\t<div class=\"post-grid-meta\">\n\t\t\t<span class=\"post-date\">December 18, 2025<\/span>\t\t<\/div>\n\t\t\n            <\/div><!-- .blog-inner -->\n           \n        <\/article>\n\n        \n        <article id=\"post-3628\" class=\"wpz-post post-3628 post type-post status-publish format-standard has-post-thumbnail hentry category-conferences\">\n         \n            <div class=\"post-grid-inner\">\n            \t\n            \t\n                <div class=\"post-grid-text-wrap\">\n               \t\t\t\t<h3 class=\"title\">\n\t\t\t<a href=\"https:\/\/crossnet.potres.hr\/index.php\/en\/2025\/09\/16\/participation-in-the-series-of-conferences-on-science-and-technology-ctbt-snt2025-science-and-technology-2025-in-vienna-as-part-of-the-comprehensive-nuclear-test-ban-treaty-ctbt\/\" title=\"Participation in the series of conferences on science and technology CTBT, SnT2025 (Science and Technology 2025) in Vienna\">Participation in the series of conferences on science and technology CTBT, SnT2025 (Science and Technology 2025) in Vienna<\/a>\n\t\t<\/h3>\n\t\t\t                <div class=\"post-grid-excerpt\"><p>From September 9 to 12, 2025, project associates on the CROSSNET project Valentina Ga\u0161o, Viktorija Milec and Anamarija Tremljan Milun participated in the CTBT: Science&hellip;<\/p>\n<\/div>\t                <a class=\"read-more-btn\" href=\"https:\/\/crossnet.potres.hr\/index.php\/en\/2025\/09\/16\/participation-in-the-series-of-conferences-on-science-and-technology-ctbt-snt2025-science-and-technology-2025-in-vienna-as-part-of-the-comprehensive-nuclear-test-ban-treaty-ctbt\/\">Read More \u00bb<\/a>                <\/div>\n\n                \t\t<div class=\"post-grid-meta\">\n\t\t\t<span class=\"post-date\">September 16, 2025<\/span>\t\t<\/div>\n\t\t\n            <\/div><!-- .blog-inner -->\n           \n        <\/article>\n\n        \n        <article id=\"post-3616\" class=\"wpz-post post-3616 post type-post status-publish format-standard has-post-thumbnail hentry category-konferencije\">\n         \n            <div class=\"post-grid-inner\">\n            \t\n            \t\n                <div class=\"post-grid-text-wrap\">\n               \t\t\t\t<h3 class=\"title\">\n\t\t\t<a href=\"https:\/\/crossnet.potres.hr\/index.php\/2025\/09\/16\/sudjelovanje-u-seriji-konferencija-o-znanosti-i-tehnologiji-ctbt-snt2025-science-and-technology-2025-u-becu-u-sklopu-organizacije-za-sveobuhvatnu-zabranu-nuklearnih-pokusa-comprehensive-nuclear-t\/\" title=\"Sudjelovanje u seriji konferencija o znanosti i tehnologiji CTBT, SnT2025 (Science and Technology 2025) u Be\u010du\">Sudjelovanje u seriji konferencija o znanosti i tehnologiji CTBT, SnT2025 (Science and Technology 2025) u Be\u010du<\/a>\n\t\t<\/h3>\n\t\t\t                <div class=\"post-grid-excerpt\"><p>Od 9. do 12. rujna 2025., suradnice na projektu CROSSNET Valentina Ga\u0161o, Viktorija Milec i Anamarija Tremljan Milun sudjelovale su u seriji konferencija o znanosti&hellip;<\/p>\n<\/div>\t                <a class=\"read-more-btn\" href=\"https:\/\/crossnet.potres.hr\/index.php\/2025\/09\/16\/sudjelovanje-u-seriji-konferencija-o-znanosti-i-tehnologiji-ctbt-snt2025-science-and-technology-2025-u-becu-u-sklopu-organizacije-za-sveobuhvatnu-zabranu-nuklearnih-pokusa-comprehensive-nuclear-t\/\">Read More \u00bb<\/a>                <\/div>\n\n                \t\t<div class=\"post-grid-meta\">\n\t\t\t<span class=\"post-date\">September 16, 2025<\/span>\t\t<\/div>\n\t\t\n            <\/div><!-- .blog-inner -->\n           \n        <\/article>\n\n        \t\t\t<\/div>\n\n\t\t\t\t\t\t\t\t\t\t<div class=\"wpz-posts-grid-load-more\">\n\t\t\t\t\t<a href=\"#\" class=\"wpz-posts-grid-load-more-btn btn\">Load More<\/a>\n\t\t\t\t<\/div>\n\t\t\t\t<input type=\"hidden\" id=\"wpz_posts_grid_load_more33f5f29c\" name=\"wpz_posts_grid_load_more33f5f29c\" value=\"9f2b3e0fbc\" \/><input type=\"hidden\" name=\"_wp_http_referer\" value=\"\/index.php\/wp-json\/wp\/v2\/pages\/260\" \/>\t\t\t\t\t\n\t\t<\/div><!-- \/\/.wpz-grid -->\n\t\t\t\t\t\t<\/div>\n\t\t\t\t<\/div>\n\t\t\t\t\t<\/div>\n\t\t<\/div>\n\t\t\t\t\t<\/div>\n\t\t<\/section>\n\t\t\t\t<\/div>\n\t\t","protected":false},"excerpt":{"rendered":"<p>Cilj projekta Seizmolo\u0161ka slu\u017eba pri Geofizi\u010dkom odsjeku PMF-a zapo\u010dela je provedbu projekta &#8220;CROSSNET &#8211; Razvoj mre\u017ee seizmolo\u0161kih podataka\u201d \u010diji je cilj unaprje\u0111enje i pro\u0161irenje postoje\u0107e mre\u017ee seizmolo\u0161kih postaja u Republici Hrvatskoj. Nova mre\u017ea seizmolo\u0161kih postaja omogu\u0107it \u0107e prikupljanje to\u010dnijih podataka za registraciju i lociranje potresa, obavje\u0161tavanje nadle\u017enih tijela i javnosti o osje\u0107enim potresima, kao i &hellip; <\/p>\n<p class=\"link-more\"><a href=\"https:\/\/crossnet.potres.hr\/index.php\/2025\/09\/16\/sudjelovanje-u-seriji-konferencija-o-znanosti-i-tehnologiji-ctbt-snt2025-science-and-technology-2025-u-becu-u-sklopu-organizacije-za-sveobuhvatnu-zabranu-nuklearnih-pokusa-comprehensive-nuclear-t\/\" class=\"more-link\">Read more<span class=\"screen-reader-text\"> &#8220;Sudjelovanje u seriji konferencija o znanosti i tehnologiji CTBT, SnT2025 (Science and Technology 2025) u Be\u010du&#8221;<\/span><\/a><\/p>\n","protected":false},"author":4,"featured_media":0,"parent":0,"menu_order":0,"comment_status":"closed","ping_status":"closed","template":"","meta":{"_editorskit_title_hidden":true,"_editorskit_reading_time":1,"_editorskit_is_block_options_detached":false,"_editorskit_block_options_position":"{}","om_disable_all_campaigns":false,"_monsterinsights_skip_tracking":false,"_monsterinsights_sitenote_active":false,"_monsterinsights_sitenote_note":"","_monsterinsights_sitenote_category":0,"inspiro_hide_title":false,"footnotes":""},"class_list":["post-260","page","type-page","status-publish","hentry"],"aioseo_notices":[],"featured_media_urls":[],"_links":{"self":[{"href":"https:\/\/crossnet.potres.hr\/index.php\/wp-json\/wp\/v2\/pages\/260","targetHints":{"allow":["GET"]}}],"collection":[{"href":"https:\/\/crossnet.potres.hr\/index.php\/wp-json\/wp\/v2\/pages"}],"about":[{"href":"https:\/\/crossnet.potres.hr\/index.php\/wp-json\/wp\/v2\/types\/page"}],"author":[{"embeddable":true,"href":"https:\/\/crossnet.potres.hr\/index.php\/wp-json\/wp\/v2\/users\/4"}],"replies":[{"embeddable":true,"href":"https:\/\/crossnet.potres.hr\/index.php\/wp-json\/wp\/v2\/comments?post=260"}],"version-history":[{"count":237,"href":"https:\/\/crossnet.potres.hr\/index.php\/wp-json\/wp\/v2\/pages\/260\/revisions"}],"predecessor-version":[{"id":3707,"href":"https:\/\/crossnet.potres.hr\/index.php\/wp-json\/wp\/v2\/pages\/260\/revisions\/3707"}],"wp:attachment":[{"href":"https:\/\/crossnet.potres.hr\/index.php\/wp-json\/wp\/v2\/media?parent=260"}],"curies":[{"name":"wp","href":"https:\/\/api.w.org\/{rel}","templated":true}]}}